s -3130 (base 5) in base 11?
-348
Convert -10203 (base 6) to base 11.
-1037
What is -74 (base 11) in base 3?
-10000
16324 (base 9) to base 12
6594
-1ae (base 16) to base 4
-12232
Convert 10453 (base 8) to base 15.
1480
Convert 2eb8 (base 16) to base 4.
2322320
210031 (base 6) to base 10
16867
c88 (base 15) to base 6
21032
What is 4853 (base 11) in base 12?
3812
Convert -185a (base 11) to base 9.
-3216
-110100111011000 (base 2) to base 8
-64730
-d5b (base 15) to base 3
-11010112
11727 (base 10) to base 16
2dcf
1110000100110 (base 2) to base 9
10786
1001110111 (base 3) to base 11
14653
-11221222 (base 3) to base 10
-3617
-26530 (base 8) to base 13
-538c
-410 (base 10) to base 3
-120012
Convert 189 (base 13) to base 8.
432
101011100011011 (base 2) to base 9
33526
What is -10010100010 (base 2) in base 16?
-4a2
What is -59d1 (base 16) in base 15?
-6c2d
6103 (base 13) to base 4
3100222
Convert 234 (base 16) to base 15.
279
Convert -162 (base 14) to base 16.
-11a
Convert 44010 (base 6) to base 2.
1011110100110
What is 2213 (base 4) in base 12?
11b
What is -11110110111111 (base 2) in base 3?
-210200110
-11145 (base 6) to base 2
-11000101001
What is 84 (base 16) in base 5?
1012
Convert -465 (base 7) to base 6.
-1043
Convert 2420 (base 10) to base 9.
3278
Convert -44c8 (base 13) to base 8.
-22634
What is 12050 (base 7) in base 11?
2389
-50 (base 10) to base 5
-200
-11011100100 (base 2) to base 8
-3344
What is -230351 (base 6) in base 8?
-46173
What is 7238 (base 11) in base 2?
10010110000000
4a95 (base 12) to base 10
8465
What is 143110 (base 5) in base 11?
4592
Convert 1176 (base 12) to base 5.
30322
Convert -20103020 (base 4) to base 13.
-1261a
-167d (base 14) to base 8
-7677
What is 461 (base 16) in base 7?
3161
What is -2310 (base 7) in base 6?
-3520
Convert 402 (base 12) to base 11.
486
Convert 11770 (base 9) to base 5.
223140
-2aa (base 15) to base 10
-610
-540 (base 12) to base 11
-639
Convert -202200120 (base 3) to base 2.
-11101011101001
What is 54b9 (base 12) in base 10?
9357
What is -151 (base 13) in base 11?
-1a4
What is 3547 (base 11) in base 15?
159e
-1315 (base 7) to base 5
-4002
What is 20222 (base 3) in base 6?
512
110131 (base 5) to base 11
2937
What is -25742 (base 9) in base 15?
-5232
What is 31a9 (base 13) in base 3?
100110112
What is -70 (base 12) in base 2?
-1010100
Convert 1100110001100 (base 2) to base 10.
6540
918 (base 15) to base 4
200000
Convert 1196 (base 10) to base 4.
102230
Convert 82 (base 14) to base 8.
162
What is -1011011011101 (base 2) in base 9?
-8023
-2000 (base 4) to base 14
-92
Convert -48c9 (base 15) to base 2.
-11110010000001
Convert 4770 (base 8) to base 13.
1214
Convert -201321 (base 5) to base 7.
-24560
What is 187 (base 16) in base 12?
287
What is 41be (base 15) in base 11?
a4a0
What is -3160 (base 8) in base 2?
-11001110000
Convert 11403 (base 5) to base 9.
1147
-264b (base 13) to base 4
-1111133
32726 (base 11) to base 9
72083
Convert 10531 (base 6) to base 9.
2041
What is -137c (base 13) in base 6?
-20555
Convert -647 (base 9) to base 2.
-1000010001
What is -57a (base 11) in base 9?
-848
Convert bbe (base 16) to base 8.
5676
Convert 29a5a (base 11) to base 4.
22120220
What is -2cd (base 14) in base 4?
-20331
What is 1086 (base 9) in base 5?
11212
What is -17689 (base 10) in base 13?
-8089
-55202 (base 6) to base 15
-23de
What is -201202110 (base 3) in base 13?
-672c
What is -1209 (base 12) in base 16?
-7e9
-221200 (base 5) to base 4
-1313323
Convert 42 (base 8) to base 12.
2a
Convert -4120 (base 5) to base 9.
-654
-efe (base 16) to base 2
-111011111110
What is -4584 (base 9) in base 3?
-11122211
-1322 (base 9) to base 11
-822
Convert 6900 (base 10) to base 13.
31aa
What is 46c2 (base 15) in base 8?
35270
20431 (base 6) to base 13
133c
Convert -42311 (base 5) to base 4.
-230033
-43121 (base 5) to base 13
-142c
Convert 10030 (base 9) to base 15.
1e43
What is 2662 (base 8) in base 2?
10110110010
Convert -707 (base 9) to base 4.
-20332
Convert 1543 (base 10) to base 3.
2010011
What is 4de (base 15) in base 14?
593
-9495 (base 15) to base 6
-401235
What is -146a (base 11) in base 7?
-5341
Convert 424 (base 11) to base 10.
510
-144035 (base 6) to base 15
-4182
What is -1030 (base 7) in base 16?
-16c
Convert 11333012 (base 4) to base 15.
73e8
Convert 25212 (base 6) to base 15.
11a2
22a (base 12) to base 7
640
5403 (base 6) to base 7
3402
Convert -3213 (base 4) to base 15.
-106
What is -22743 (base 9) in base 16?
-3b52
Convert 122440 (base 7) to base 10.
22519
What is -146 (base 11) in base 4?
-2223
Convert 1101110101 (base 2) to base 12.
619
Convert -146 (base 7) to base 2.
-1010011
Convert -899 (base 11) to base 14.
-56c
-2bcc (base 16) to base 12
-65a4
What is -4121 (base 6) in base 11?
-760
13a2 (base 12) to base 5
33112
Convert -911 (base 10) to base 14.
-491
1556 (base 14) to base 10
3800
Convert 2708 (base 14) to base 5.
204433
What is -288 (base 14) in base 7?
-1331
-221100 (base 3) to base 4
-22230
-9091 (base 10) to base 7
-35335
What is -251 (base 12) in base 16?
-15d
What is -7a0 (base 14) in base 5?
-22022
Convert -183 (base 9) to base 8.
-234
Convert -10121212 (base 3) to base 4.
-221102
Convert 210021212 (base 3) to base 2.
11110010100001
Convert 30304 (base 5) to base 16.
7a2
-2633 (base 7) to base 10
-1004
Convert 3131 (base 10) to base 9.
4258
What is 4c (base 14) in base 9?
75
What is -1010111101110 (base 2) in base 9?
-7627
What is -441 (base 14) in base 3?
-1011011
Convert -3390 (base 16) to base 3.
-200002220
What is 10805 (base 10) in base 12?
6305
Convert -167 (base 11) to base 6.
-522
What is 859 (base 14) in base 8?
3157
What is -110100010101111 (base 2) in base 13?
-c276
Convert dde (base 16) to base 3.
11212111
What is -3304 (base 14) in base 11?
-66a2
15702 (base 9) to base 14
3cd9
What is 10021 (base 3) in base 7?
154
What is -111124 (base 5) in base 7?
-14261
-6361 (base 16) to base 10
-25441
What is 387 (base 9) in base 7?
640
Convert -2630 (base 11) to base 3.
-11200201
Convert -7264 (base 11) to base 4.
-2112131
-3323 (base 5) to base 6
-2051
-2011 (base 5) to base 10
-256
Convert 50 (base 12) to base 2.
111100
-122012112 (base 3) to base 4
-3003332
What is -144b (base 12) in base 11?
-1859
Convert 232321 (base 5) to base 7.
33445
What is -389 (base 15) in base 14?
-416
-1010101001100 (base 2) to base 10
-5452
Convert -10000010110 (base 2) to base 13.
-626
2002222101 (base 3) to base 7
232045
210301 (base 4) to base 6
14521
What is -242101 (base 5) in base 13?
-4154
e7df (base 16) to base 15
128c4
What is -1a57 (base 11) in base 9?
-3512
35 (base 7) to base 3
222
-4b6c (base 14) to base 7
-53365
-2110211 (base 3) to base 2
-11100001100
What is -2433 (base 6) in base 16?
-255
40252 (base 7) to base 13
4582
Convert 122221 (base 3) to base 13.
2b3
-431323 (base 6) to base 16
-8a03
-100011111 (base 2) to base 15
-142
Convert -22201221 (base 4) to base 14.
-119d7
What is 31665 (base 8) in base 5?
410422
Convert -c57 (base 16) to base 13.
-1590
Convert -116 (base 13) to base 5.
-1223
Convert -139 (base 13) to base 6.
-1001
Convert 2430312 (base 5) to base 16.
b28b
-91 (base 14) to base 2
-1111111
Convert 4637 (base 14) to base 15.
3936
Convert 231445 (base 6) to base 14.
7325
Convert 71b3 (base 13) to base 3.
210112021
What is -13529 (base 10) in base 4?
-3103121
Convert 43222 (base 5) to base 15.
d0c
What is 336 (base 16) in base 9?
1113
Convert 5420 (base 10) to base 2.
1010100101100
-232 (base 9) to base 2
-10111111
121b (base 15) to base 10
3851
Convert -1143103 (base 5) to base 10.
-21653
What is -9142 (base 16) in base 3?
-1220000021
Convert -227 (base 16) to base 8.
-1047
Convert 522425 (base 6) to base 9.
63628
130 (base 5) to base 6
104
What is 11053 (base 6) in base 3?
2010020
Convert -9c1 (base 13) to base 7.
-4615
What is -112652 (base 8) in base 9?
-57501
What is 3744 (base 10) in base 12?
2200
What is 502311 (base 6) in base 8?
115003
1528 (base 15) to base 3
20020002
Convert 13a00 (base 11) to base 5.
1113334
What is -246 (base 8) in base 2?
-10100110
What is 330142 (base 5) in base 14?
418d
What is 632 (base 10) in base 16?
278
What is -4224 (base 5) in base 16?
-234
317 (base 11) to base 13
234
Convert 134 (base 12) to base 4.
2320
124 (base 10) to base 13
97
24